{"id":191,"date":"2022-02-19T17:04:21","date_gmt":"2022-02-19T16:04:21","guid":{"rendered":"https:\/\/www.sundbygard.no\/minilager\/?page_id=191"},"modified":"2022-02-19T17:11:22","modified_gmt":"2022-02-19T16:11:22","slug":"norske-gardsbruk","status":"publish","type":"page","link":"https:\/\/www.sundbygard.no\/minilager\/gardens-historie\/norske-gardsbruk\/","title":{"rendered":"Norske Gardsbruk"},"content":{"rendered":"\n<p>Under er utdrag fra b\u00f8kene Norske Gardsbruk og folketellinger fra 1865 og frem til 1991.<\/p>\n\n\n\n<figure class=\"wp-block-image size-full\"><a href=\"https:\/\/www.sundbygard.no\/minilager\/wp-content\/uploads\/2022\/02\/Folketellingen-31121865-for-627-Royken-Sundby.jpg\"><img loading=\"lazy\" decoding=\"async\" width=\"615\" height=\"436\" src=\"https:\/\/www.sundbygard.no\/minilager\/wp-content\/uploads\/2022\/02\/Folketellingen-31121865-for-627-Royken-Sundby.jpg\" alt=\"\" class=\"wp-image-194\" srcset=\"https:\/\/www.sundbygard.no\/minilager\/wp-content\/uploads\/2022\/02\/Folketellingen-31121865-for-627-Royken-Sundby.jpg 615w, https:\/\/www.sundbygard.no\/minilager\/wp-content\/uploads\/2022\/02\/Folketellingen-31121865-for-627-Royken-Sundby-300x213.jpg 300w\" sizes=\"auto, (max-width: 615px) 100vw, 615px\" \/><\/a><figcaption>Utdrag fra &laquo;Folketellingen 31.12.1865 for 627 R\u00f8yken&raquo; som viser Sundby G\u00e5rd. Den gir en oversikt over folk og fe da Gabriel Flater drev g\u00e5rden.<\/figcaption><\/figure>\n\n\n\n<figure class=\"wp-block-image size-large\"><a href=\"https:\/\/www.sundbygard.no\/minilager\/wp-content\/uploads\/2022\/02\/Folketellingen-03121900-for-627-Royken-Sundby.jpg\"><img loading=\"lazy\" decoding=\"async\" width=\"1024\" height=\"333\" src=\"https:\/\/www.sundbygard.no\/minilager\/wp-content\/uploads\/2022\/02\/Folketellingen-03121900-for-627-Royken-Sundby-1024x333.jpg\" alt=\"\" class=\"wp-image-195\" srcset=\"https:\/\/www.sundbygard.no\/minilager\/wp-content\/uploads\/2022\/02\/Folketellingen-03121900-for-627-Royken-Sundby-1024x333.jpg 1024w, https:\/\/www.sundbygard.no\/minilager\/wp-content\/uploads\/2022\/02\/Folketellingen-03121900-for-627-Royken-Sundby-300x98.jpg 300w, https:\/\/www.sundbygard.no\/minilager\/wp-content\/uploads\/2022\/02\/Folketellingen-03121900-for-627-Royken-Sundby-768x250.jpg 768w, https:\/\/www.sundbygard.no\/minilager\/wp-content\/uploads\/2022\/02\/Folketellingen-03121900-for-627-Royken-Sundby-1200x390.jpg 1200w, https:\/\/www.sundbygard.no\/minilager\/wp-content\/uploads\/2022\/02\/Folketellingen-03121900-for-627-Royken-Sundby.jpg 1534w\" sizes=\"auto, (max-width: 1024px) 100vw, 1024px\" \/><\/a><figcaption>tdrag fra &laquo;Folketellingen 03.12.1900 for 627 R\u00f8yken&raquo; som viser Sundby G\u00e5rd. Den gir en oversikt over folk og fe da Hagbart Sundby drev g\u00e5rden.<\/figcaption><\/figure>\n\n\n\n<figure class=\"wp-block-image size-large is-resized\"><a href=\"https:\/\/www.sundbygard.no\/minilager\/wp-content\/uploads\/2022\/02\/Norske-gardsbruk-Buskerud-fylke-2-Royken-m-fl-1948-Sundby.jpg\"><img loading=\"lazy\" decoding=\"async\" src=\"https:\/\/www.sundbygard.no\/minilager\/wp-content\/uploads\/2022\/02\/Norske-gardsbruk-Buskerud-fylke-2-Royken-m-fl-1948-Sundby-1024x385.jpg\" alt=\"\" class=\"wp-image-197\" width=\"610\" height=\"229\" srcset=\"https:\/\/www.sundbygard.no\/minilager\/wp-content\/uploads\/2022\/02\/Norske-gardsbruk-Buskerud-fylke-2-Royken-m-fl-1948-Sundby-1024x385.jpg 1024w, https:\/\/www.sundbygard.no\/minilager\/wp-content\/uploads\/2022\/02\/Norske-gardsbruk-Buskerud-fylke-2-Royken-m-fl-1948-Sundby-300x113.jpg 300w, https:\/\/www.sundbygard.no\/minilager\/wp-content\/uploads\/2022\/02\/Norske-gardsbruk-Buskerud-fylke-2-Royken-m-fl-1948-Sundby-768x289.jpg 768w, https:\/\/www.sundbygard.no\/minilager\/wp-content\/uploads\/2022\/02\/Norske-gardsbruk-Buskerud-fylke-2-Royken-m-fl-1948-Sundby-1200x452.jpg 1200w, https:\/\/www.sundbygard.no\/minilager\/wp-content\/uploads\/2022\/02\/Norske-gardsbruk-Buskerud-fylke-2-Royken-m-fl-1948-Sundby.jpg 1355w\" sizes=\"auto, (max-width: 610px) 100vw, 610px\" \/><\/a><figcaption>Utdrag fra &laquo;Norske gardsbruk Buskerud fylke 2 R\u00f8yken m fl&raquo; fra 1948 &#8211; Eier var da Hagbart Sundby<\/figcaption><\/figure>\n\n\n\n<figure class=\"wp-block-image size-large\"><a href=\"https:\/\/www.sundbygard.no\/minilager\/wp-content\/uploads\/2022\/02\/Norske-gardsbruk-Buskerud-fylke-2-Royken-m-fl-1991-Sundby.jpg\"><img loading=\"lazy\" decoding=\"async\" width=\"1024\" height=\"350\" src=\"https:\/\/www.sundbygard.no\/minilager\/wp-content\/uploads\/2022\/02\/Norske-gardsbruk-Buskerud-fylke-2-Royken-m-fl-1991-Sundby-1024x350.jpg\" alt=\"\" class=\"wp-image-198\" srcset=\"https:\/\/www.sundbygard.no\/minilager\/wp-content\/uploads\/2022\/02\/Norske-gardsbruk-Buskerud-fylke-2-Royken-m-fl-1991-Sundby-1024x350.jpg 1024w, https:\/\/www.sundbygard.no\/minilager\/wp-content\/uploads\/2022\/02\/Norske-gardsbruk-Buskerud-fylke-2-Royken-m-fl-1991-Sundby-300x102.jpg 300w, https:\/\/www.sundbygard.no\/minilager\/wp-content\/uploads\/2022\/02\/Norske-gardsbruk-Buskerud-fylke-2-Royken-m-fl-1991-Sundby-768x262.jpg 768w, https:\/\/www.sundbygard.no\/minilager\/wp-content\/uploads\/2022\/02\/Norske-gardsbruk-Buskerud-fylke-2-Royken-m-fl-1991-Sundby-1536x524.jpg 1536w, https:\/\/www.sundbygard.no\/minilager\/wp-content\/uploads\/2022\/02\/Norske-gardsbruk-Buskerud-fylke-2-Royken-m-fl-1991-Sundby-1200x410.jpg 1200w, https:\/\/www.sundbygard.no\/minilager\/wp-content\/uploads\/2022\/02\/Norske-gardsbruk-Buskerud-fylke-2-Royken-m-fl-1991-Sundby.jpg 1711w\" sizes=\"auto, (max-width: 1024px) 100vw, 1024px\" \/><\/a><figcaption>Utdrag fra &laquo;Norske gardsbruk Buskerud fylke 2 R\u00f8yken m fl&raquo; fra  1991 &#8211; Eiere var da Jens Alfred og Fr\u00f8ydis Sundby<\/figcaption><\/figure>\n\n\n\n<p><\/p>\n","protected":false},"excerpt":{"rendered":"<p>Under er utdrag fra b\u00f8kene Norske Gardsbruk og folketellinger fra 1865 og frem til 1991.<\/p>\n","protected":false},"author":1,"featured_media":0,"parent":126,"menu_order":0,"comment_status":"closed","ping_status":"closed","template":"","meta":{"_monsterinsights_skip_tracking":false,"_monsterinsights_sitenote_active":false,"_monsterinsights_sitenote_note":"","_monsterinsights_sitenote_category":0,"footnotes":""},"class_list":["post-191","page","type-page","status-publish","hentry"],"_links":{"self":[{"href":"https:\/\/www.sundbygard.no\/minilager\/wp-json\/wp\/v2\/pages\/191","targetHints":{"allow":["GET"]}}],"collection":[{"href":"https:\/\/www.sundbygard.no\/minilager\/wp-json\/wp\/v2\/pages"}],"about":[{"href":"https:\/\/www.sundbygard.no\/minilager\/wp-json\/wp\/v2\/types\/page"}],"author":[{"embeddable":true,"href":"https:\/\/www.sundbygard.no\/minilager\/wp-json\/wp\/v2\/users\/1"}],"replies":[{"embeddable":true,"href":"https:\/\/www.sundbygard.no\/minilager\/wp-json\/wp\/v2\/comments?post=191"}],"version-history":[{"count":4,"href":"https:\/\/www.sundbygard.no\/minilager\/wp-json\/wp\/v2\/pages\/191\/revisions"}],"predecessor-version":[{"id":199,"href":"https:\/\/www.sundbygard.no\/minilager\/wp-json\/wp\/v2\/pages\/191\/revisions\/199"}],"up":[{"embeddable":true,"href":"https:\/\/www.sundbygard.no\/minilager\/wp-json\/wp\/v2\/pages\/126"}],"wp:attachment":[{"href":"https:\/\/www.sundbygard.no\/minilager\/wp-json\/wp\/v2\/media?parent=191"}],"curies":[{"name":"wp","href":"https:\/\/api.w.org\/{rel}","templated":true}]}}

<p>Under er utdrag fra bøkene Norske Gardsbruk og folketellinger fra 1865 og frem til 1991.</p>



<figure class="wp-block-image size-full"><a href="https://www.sundbygard.no/minilager/wp-content/uploads/2022/02/Folketellingen-31121865-for-627-Royken-Sundby.jpg"><img loading="lazy" decoding="async" width="615" height="436" src="https://www.sundbygard.no/minilager/wp-content/uploads/2022/02/Folketellingen-31121865-for-627-Royken-Sundby.jpg" alt="" class="wp-image-194" srcset="https://www.sundbygard.no/minilager/wp-content/uploads/2022/02/Folketellingen-31121865-for-627-Royken-Sundby.jpg 615w, https://www.sundbygard.no/minilager/wp-content/uploads/2022/02/Folketellingen-31121865-for-627-Royken-Sundby-300x213.jpg 300w" sizes="auto, (max-width: 615px) 100vw, 615px" /></a><figcaption>Utdrag fra &laquo;Folketellingen 31.12.1865 for 627 Røyken&raquo; som viser Sundby Gård. Den gir en oversikt over folk og fe da Gabriel Flater drev gården.</figcaption></figure>



<figure class="wp-block-image size-large"><a href="https://www.sundbygard.no/minilager/wp-content/uploads/2022/02/Folketellingen-03121900-for-627-Royken-Sundby.jpg"><img loading="lazy" decoding="async" width="1024" height="333" src="https://www.sundbygard.no/minilager/wp-content/uploads/2022/02/Folketellingen-03121900-for-627-Royken-Sundby-1024x333.jpg" alt="" class="wp-image-195" srcset="https://www.sundbygard.no/minilager/wp-content/uploads/2022/02/Folketellingen-03121900-for-627-Royken-Sundby-1024x333.jpg 1024w, https://www.sundbygard.no/minilager/wp-content/uploads/2022/02/Folketellingen-03121900-for-627-Royken-Sundby-300x98.jpg 300w, https://www.sundbygard.no/minilager/wp-content/uploads/2022/02/Folketellingen-03121900-for-627-Royken-Sundby-768x250.jpg 768w, https://www.sundbygard.no/minilager/wp-content/uploads/2022/02/Folketellingen-03121900-for-627-Royken-Sundby-1200x390.jpg 1200w, https://www.sundbygard.no/minilager/wp-content/uploads/2022/02/Folketellingen-03121900-for-627-Royken-Sundby.jpg 1534w" sizes="auto, (max-width: 1024px) 100vw, 1024px" /></a><figcaption>tdrag fra &laquo;Folketellingen 03.12.1900 for 627 Røyken&raquo; som viser Sundby Gård. Den gir en oversikt over folk og fe da Hagbart Sundby drev gården.</figcaption></figure>



<figure class="wp-block-image size-large is-resized"><a href="https://www.sundbygard.no/minilager/wp-content/uploads/2022/02/Norske-gardsbruk-Buskerud-fylke-2-Royken-m-fl-1948-Sundby.jpg"><img loading="lazy" decoding="async" src="https://www.sundbygard.no/minilager/wp-content/uploads/2022/02/Norske-gardsbruk-Buskerud-fylke-2-Royken-m-fl-1948-Sundby-1024x385.jpg" alt="" class="wp-image-197" width="610" height="229" srcset="https://www.sundbygard.no/minilager/wp-content/uploads/2022/02/Norske-gardsbruk-Buskerud-fylke-2-Royken-m-fl-1948-Sundby-1024x385.jpg 1024w, https://www.sundbygard.no/minilager/wp-content/uploads/2022/02/Norske-gardsbruk-Buskerud-fylke-2-Royken-m-fl-1948-Sundby-300x113.jpg 300w, https://www.sundbygard.no/minilager/wp-content/uploads/2022/02/Norske-gardsbruk-Buskerud-fylke-2-Royken-m-fl-1948-Sundby-768x289.jpg 768w, https://www.sundbygard.no/minilager/wp-content/uploads/2022/02/Norske-gardsbruk-Buskerud-fylke-2-Royken-m-fl-1948-Sundby-1200x452.jpg 1200w, https://www.sundbygard.no/minilager/wp-content/uploads/2022/02/Norske-gardsbruk-Buskerud-fylke-2-Royken-m-fl-1948-Sundby.jpg 1355w" sizes="auto, (max-width: 610px) 100vw, 610px" /></a><figcaption>Utdrag fra &laquo;Norske gardsbruk Buskerud fylke 2 Røyken m fl&raquo; fra 1948 &#8211; Eier var da Hagbart Sundby</figcaption></figure>



<figure class="wp-block-image size-large"><a href="https://www.sundbygard.no/minilager/wp-content/uploads/2022/02/Norske-gardsbruk-Buskerud-fylke-2-Royken-m-fl-1991-Sundby.jpg"><img loading="lazy" decoding="async" width="1024" height="350" src="https://www.sundbygard.no/minilager/wp-content/uploads/2022/02/Norske-gardsbruk-Buskerud-fylke-2-Royken-m-fl-1991-Sundby-1024x350.jpg" alt="" class="wp-image-198" srcset="https://www.sundbygard.no/minilager/wp-content/uploads/2022/02/Norske-gardsbruk-Buskerud-fylke-2-Royken-m-fl-1991-Sundby-1024x350.jpg 1024w, https://www.sundbygard.no/minilager/wp-content/uploads/2022/02/Norske-gardsbruk-Buskerud-fylke-2-Royken-m-fl-1991-Sundby-300x102.jpg 300w, https://www.sundbygard.no/minilager/wp-content/uploads/2022/02/Norske-gardsbruk-Buskerud-fylke-2-Royken-m-fl-1991-Sundby-768x262.jpg 768w, https://www.sundbygard.no/minilager/wp-content/uploads/2022/02/Norske-gardsbruk-Buskerud-fylke-2-Royken-m-fl-1991-Sundby-1536x524.jpg 1536w, https://www.sundbygard.no/minilager/wp-content/uploads/2022/02/Norske-gardsbruk-Buskerud-fylke-2-Royken-m-fl-1991-Sundby-1200x410.jpg 1200w, https://www.sundbygard.no/minilager/wp-content/uploads/2022/02/Norske-gardsbruk-Buskerud-fylke-2-Royken-m-fl-1991-Sundby.jpg 1711w" sizes="auto, (max-width: 1024px) 100vw, 1024px" /></a><figcaption>Utdrag fra &laquo;Norske gardsbruk Buskerud fylke 2 Røyken m fl&raquo; fra  1991 &#8211; Eiere var da Jens Alfred og Frøydis Sundby</figcaption></figure>



<p></p>

<p>Under er utdrag fra bøkene Norske Gardsbruk og folketellinger fra 1865 og frem til 1991.</p>
