{"id":186,"date":"2022-02-19T16:55:23","date_gmt":"2022-02-19T15:55:23","guid":{"rendered":"https:\/\/www.sundbygard.no\/minilager\/?page_id=186"},"modified":"2022-02-19T16:55:23","modified_gmt":"2022-02-19T15:55:23","slug":"royken-bygd-for-og-nu-1928-sundby-gard","status":"publish","type":"page","link":"https:\/\/www.sundbygard.no\/minilager\/gardens-historie\/royken-bygd-for-og-nu-1928-sundby-gard\/","title":{"rendered":"R\u00f8yken bygd f\u00f8r og nu 1928 &#8211; Sundby G\u00e5rd"},"content":{"rendered":"\n<figure class=\"wp-block-image size-full is-resized\"><a href=\"https:\/\/www.sundbygard.no\/minilager\/wp-content\/uploads\/2022\/02\/Royken-bygd-for-og-nu-1928-Sundby-Gard.jpg\"><img loading=\"lazy\" decoding=\"async\" src=\"https:\/\/www.sundbygard.no\/minilager\/wp-content\/uploads\/2022\/02\/Royken-bygd-for-og-nu-1928-Sundby-Gard.jpg\" alt=\"\" class=\"wp-image-187\" width=\"609\" height=\"466\" srcset=\"https:\/\/www.sundbygard.no\/minilager\/wp-content\/uploads\/2022\/02\/Royken-bygd-for-og-nu-1928-Sundby-Gard.jpg 747w, https:\/\/www.sundbygard.no\/minilager\/wp-content\/uploads\/2022\/02\/Royken-bygd-for-og-nu-1928-Sundby-Gard-300x230.jpg 300w\" sizes=\"auto, (max-width: 609px) 100vw, 609px\" \/><\/a><\/figure>\n\n\n\n<p>Sundby.<\/p>\n\n\n\n<p>Sundby er en av R\u00f8ykens st\u00f8rre g\u00e5rder. Navnet skrives p\u00e5 oldnorsk Sundbyr, i 1528 skrives det Sundby, det betyr g\u00e5rden ved sundstedet over Aaroselven. I 1682 gikk ogs\u00e5 den nu forsvundne g\u00e5rd <em>RigeSemb<\/em> inn under Sundby. G\u00e5rdens navn skulde tyde p\u00e5 at den blev ryddet i vikingetiden; men dens historie kan kun f\u00f8lges 600 \u00e5r tilbake i tiden.<\/p>\n\n\n\n<p>Den f\u00f8rste der nevnes som eier av g\u00e5rden var <em>Halvor a Sundby<\/em> omkring 1390.<\/p>\n\n\n\n<p>Han var blitt skyldig kirken tiende og gav derfor R\u00f8yken kirke 1\/2 markebol lauk i S\u00e6ltingaliidh som han ogs\u00e5 eide. F\u00f8rst over 100 \u00e5r senere blir g\u00e5rden og dens eiere nevnt i et skatteregnskap fra 1528. Eieren heter da Knut. \u00c5ret efter har han overlatt den til en mann som heter Jon. 1593-1604 tilh\u00f8rer Sundby en mann ved navn Syver. Han nevnes som \u00abskydzskicker&raquo; og var derfor fri for arbeidsskatt som man ellers m\u00e5tte betale med 60 skill. \u00e5rlig. (Skatteregnskap fra 1604). 1617-33 har Hans i Sundby g\u00e5rden. Efter ham kommer Augustinus Olsen i 1634. Han hadde flere s\u00f8nner, Syver, Tosten og en hvis navn ikke nevnes, men hvorom det 1666 heter at han \u00abseilte p\u00e5 Holland&raquo;. I 1645 blev folket p\u00e5lagt en \u00abkoppskatt\u00bb, utlignet p\u00e5 alle voksne. Betegnelsen koppskatt kom av det tyske kopf, hode. Augustinus betalte 1 mark og 8 skill. og f\u00f8lgende skatt\u00f8repersoner er opf\u00f8rt:<\/p>\n\n\n\n<p>\u00abAugustinus\u00bb. \u00abEn dreng\u00bb<\/p>\n\n\n\n<p>\u00abHans Quinde\u00bb. \u00abEn pige\u00bb<\/p>\n\n\n\n<p>I 1660-70 vet vi at en mann ved navn Ole Christophersen fra Landfald\u00f8en er eier av \u00be skip. salt i Sundby. Denne anpart blev efter ham selveiergods. I omtrent samme tidsrum 1650-71 hadde en mann ved navn Gudbrand Kiegstad en mindre del av g\u00e5rden, men denne del var b\u00e5de f\u00f8r og siden p\u00e5 Sundbyfolkets hender.<\/p>\n\n\n\n<p>Mens eierne hittil for det meste har v\u00e6rt b\u00f8nder, kommer der nu en periode hvor den ene stormann efter den annen holder sitt inntog p\u00e5 Sundby. Nu er det seigneurer, r\u00e5dmenn og prokuratorer som kaster glans over stedet.<\/p>\n\n\n\n<p>I 1672-84 i nnehar seigneur Jens Olsen g\u00e5rden. Han overtok straks s\u00e5vel Kiegstads som Ole Kristoffersen Landfald\u00f8ens parter og blir hell eneeier.<\/p>\n\n\n\n<p>I 1684 selges Sundby til r\u00e5dmann Jens Nielsen fra Bragernes. Han fikk samme \u00e5r \u00abSaugbrugsprivilegium\u00bb av kongen og allern\u00e5digst tillatelse til \u00e5 sage \u00ab1400 Bors aarlig Qvantum\u00bb. Sagen I\u00e5 ved fossen ved nuvrerende Lingsom. Denne g\u00e5rd med Rigesemb, Amundrud, Hov og \u00d8deg\u00e5rden Baadst\u00f8 h\u00f8rte da til Sundby eiendomskomplex.<\/p>\n\n\n\n<p>I 1700 blev Sundby atter solgt. Denne gang til Haus Von Campen. Han solgte 1717 g\u00e5rden til prokurator S\u00f8ren Pedersen L\u00f8chst\u00f8r. Han kj\u00f8pte den for 1860 riksdaler. Han d\u00f8de 1743. Da hans bo blev opgjort, nevntes , \u00abR\u00f8gen kirche\u00bb som en Sundby g\u00e5rd tilliggende eiendom. Boets utgifter var imidlertid s\u00e5 store at en av kreditorene, \u00abh\u00f8i\u00e6dle og velb\u00e5rne Oberstinne fru Brockenhaus, slog g\u00e5rden til sig.<\/p>\n\n\n\n<p>I 1752 kj\u00f8per Niels L\u00f8chst\u00f8er, antagelig s\u00f8nn av foreg\u00e5ende S\u00f8ren L\u00f8chst\u00f8er, Sundby g\u00e5rd. Men allerede \u00e5ret efter selger han eiendommen ved auksjon for 2800 rigsdlr. til J\u00f8rgen Pedersen, \u00abkj\u00f8b mand og oldermand for lodsene\u00bb. Fra ham gikk eiendommen over til oberst J\u00f8rgen Otto Coucheron for 2000 rdlr. I handeten medfulgte Amundrud, Rigesemb og Frydenlund med tilh\u00f8rende kverner og sag. Oldermannen beholdt derimot Hov med \u00f8deg\u00e5rden Baadst\u00f8. Obersten bodde p\u00e5 Sundby i 1 \u00bd \u00e5r og d\u00f8de der. Han ligger begravet i koret i R\u00f8yken kirke.<\/p>\n\n\n\n<p>1755 blev oldermann J\u00f8rgen Pedersen igjen eier av Sundby, idet oberstens datter Karen Coucheron avhendet den til ham. Han beholdt den i 3 \u00e5r, da den solgtes til Monsr. Nicolay Foltman fra Sk\u00f8ien i Aker. Sundby blev da skilt ut fra de \u00f8vrige eiendommer, idet Hov og Lingsom vedblev \u00e5 v\u00e6re i oldermannens eie. Fra Foltman gikk g\u00e5rden 1759 over til kj\u00f8bmann Hans Hansen Coja for 1550 rdlr. Han avhendet den 1767 til \u00abvelagtede Dannemand\u00bb Nils Kristensen Biltvedt for 2380 rdlr. Den nye eier var gift med Gunhild Frantzdatter Fritz. Da han d\u00f8de straks, giftet hun seg p\u00e5 ny med Anders Jochumsen fra Aarvold i Aker. Han var 36 \u00e5r, hun 70. Hun d\u00f8de 1820. Anders Jochumsen lot bygge et t\u00e5rnhus p\u00e5 Sundby midt p\u00e5 tunet. I dette t\u00e5rn hang en kirkeklokke som antagelig har tilh\u00f8rt kirken. Klokken bruktes som matklokke p\u00e5 Sundby. Den blev omkring 1860 solgt p\u00e5 auksjon. Spiret st\u00e5r den dag idag p\u00e5 Sundbys stabbur og har f\u00f8lgende innskrift:<\/p>\n\n\n\n<p>A. J. S. (Anders Jochumsen Sundby). G. F. D. (Gunhild Frants Datter). 1795.<\/p>\n\n\n\n<p>Anders Jochumsen d\u00f8de 1845. hans enke solgte g\u00e5rden 1849 for 5000 spd. til s\u00f8nnen Andreas Jochumsen som 1861 solgte den til Andreas Johansen Fr\u00f8tvedt for 9500 spd. Gabriel Flater hadde ogs\u00e5 g\u00e5rden ca. 2-3 \u00e5r. Fra ham gikk den ved auksjon 1868 over til et konsortium, best\u00e5ende av Johan Fr\u00f8tvedt, Chr. Laheld og sakf\u00f8rer Hansten. \u00c5ret efter erhverver Adam N\u00e6rsnes, Sundby. Han overdrar den igjen 1872 til s\u00f8nnen Hagbart Sundby. Denne overlot garden 1910 til s\u00f8nnen Alfred Sundby som er dens nuv\u00e6rende eier. Han er gift med Ingeborg Fedd. De har en s\u00f8nn, H\u00e5kon.<\/p>\n\n\n\n<p>Sundby gard har s\u00e5ledes i l\u00f8pet av vel 500 \u00e5r hatt 28 kjente eiere. I den nuv\u00e6rende eiers slekt har garden v\u00e6rt i 65 \u00e5r.<\/p>\n\n\n\n<p>Skatter var der nok av. I 1578 betalte Sundby f\u00f8lgende skatt:<\/p>\n\n\n\n<p>Leding II album. Meel 1\/2 lisp. Sm\u00f8r 1 pund 9 mrk. Foring 1 mark.<\/p>\n\n\n\n<p>Sundby betalte ogs\u00e5 kvegskatt. 1657 betalte g\u00e5rden 1 1\/2 daler 1 m. 6 skl. Den beskattede besetning var:<\/p>\n\n\n\n<p>2 hester, 10 kj\u00f8r, 1 kirke-ko, 3 quier, 10 soffuer, 2 suin.<\/p>\n\n\n\n<p>I 1661 var besetningen 3 hester 14 kj\u00f8r, 4 ungfe, 7 sauer. Uts\u00e6den var \u00bd t\u00f8nde blandkorn, 2 t\u00f8nder havre, endel humle. Herav betaltes tiende, henholdsvis 1 kvart, 10 kvart og 1 1\/2 setting.<\/p>\n\n\n\n<p>Foruten tiende o. I. hvilte der andre plikter p\u00e5 g\u00e5rden. I 1753 da L\u00f8chst\u00f8er solgte g\u00e5rden, het det i auksjonsbetingelsene: \u00abSiden g\u00e5rden Sundby er assignert Dragon quarter, s\u00e5 er det Kj\u00f8beren til Efterretning at hand pa sin egen Bekostning uten Afgang i Sum eller nogen Brevutier til L\u00f8chst\u00f8er i betimelig Tid forskaffe den til Quarteret beh\u00f8vende Dragonhest, siden den forrige er bleven kassert\u00bb<\/p>\n\n\n\n<p>Det p\u00e5la ogs\u00e5 g\u00e5rden som plikt \u00e5 kj\u00f8re til Kongsberg en bestemt mengde \u00abS\u00e6tteved\u00bb, og det nevntes da i de f\u00f8r anf\u00f8rte auksjonsbetingelser at kj\u00f8peren p\u00e5 vinterf\u00f8re m\u00e5 s\u00f8rge for \u00e5 f\u00e5 fremkj\u00f8rt til Kongsberg s\u00f8lvverk den for \u00e5ret 1753 reporterede \u00abS\u00e6tteved\u00bb.<\/p>\n\n\n\n<p>Om matr. nr. 10 Sundby samt Amundrud berettes at de har skog sammen. Skogmestrene br\u00f8drene Langen har i 1739 opgitt skogens st\u00f8rrelse \u00e5 v\u00e6re 4800 alen lang, 1200 alen bred.<\/p>\n\n\n\n<p>Under Sundby bruktes parcellen Jonsteigen der tilh\u00f8rte kong Christian VI. Den var 3200 a len lang, 320 alen bred.<\/p>\n","protected":false},"excerpt":{"rendered":"<p>Sundby. Sundby er en av R\u00f8ykens st\u00f8rre g\u00e5rder. Navnet skrives p\u00e5 oldnorsk Sundbyr, i 1528 skrives det Sundby, det betyr g\u00e5rden ved sundstedet over Aaroselven. I 1682 gikk ogs\u00e5 den nu forsvundne g\u00e5rd RigeSemb inn under Sundby. G\u00e5rdens navn skulde tyde p\u00e5 at den blev ryddet i vikingetiden; men dens historie kan kun f\u00f8lges 600 [&hellip;]<\/p>\n","protected":false},"author":1,"featured_media":0,"parent":126,"menu_order":0,"comment_status":"closed","ping_status":"closed","template":"","meta":{"_monsterinsights_skip_tracking":false,"_monsterinsights_sitenote_active":false,"_monsterinsights_sitenote_note":"","_monsterinsights_sitenote_category":0,"footnotes":""},"class_list":["post-186","page","type-page","status-publish","hentry"],"_links":{"self":[{"href":"https:\/\/www.sundbygard.no\/minilager\/wp-json\/wp\/v2\/pages\/186","targetHints":{"allow":["GET"]}}],"collection":[{"href":"https:\/\/www.sundbygard.no\/minilager\/wp-json\/wp\/v2\/pages"}],"about":[{"href":"https:\/\/www.sundbygard.no\/minilager\/wp-json\/wp\/v2\/types\/page"}],"author":[{"embeddable":true,"href":"https:\/\/www.sundbygard.no\/minilager\/wp-json\/wp\/v2\/users\/1"}],"replies":[{"embeddable":true,"href":"https:\/\/www.sundbygard.no\/minilager\/wp-json\/wp\/v2\/comments?post=186"}],"version-history":[{"count":1,"href":"https:\/\/www.sundbygard.no\/minilager\/wp-json\/wp\/v2\/pages\/186\/revisions"}],"predecessor-version":[{"id":188,"href":"https:\/\/www.sundbygard.no\/minilager\/wp-json\/wp\/v2\/pages\/186\/revisions\/188"}],"up":[{"embeddable":true,"href":"https:\/\/www.sundbygard.no\/minilager\/wp-json\/wp\/v2\/pages\/126"}],"wp:attachment":[{"href":"https:\/\/www.sundbygard.no\/minilager\/wp-json\/wp\/v2\/media?parent=186"}],"curies":[{"name":"wp","href":"https:\/\/api.w.org\/{rel}","templated":true}]}}